k + 1. Let y be w(-2). Let t(h) = h**3 + 7*h**2 - 2*h + 7. Is t(y) prime?
False
Let p(j) = 4*j. Let s be p(1). Suppose -264 = -s*k + 76. Is k composite?
True
Let v = 135 - -163. Is v a composite number?
True
Suppose 300 = 2*f - 1054. Is f a composite number?
False
Is 3/2*(2 + 116) a prime number?
False
Let m(x) = 917*x**2. Is m(-1) a prime number?
False
Let t(g) = g**3 + g + 259. Is t(0) a composite number?
True
Let h(j) = -3*j - 1. Let p(o) = -1. Let b(s) = h(s) + 4*p(s). Suppose 3*x = -8 - 4. Is b(x) a composite number?
False
Let n(m) = -455*m + 1. Let r be n(-1). Let o = r + -325. Is o prime?
True
Let r be (1 - (-3)/(-6))*14. Let c = r - -24. Is c composite?
False
Let b(a) = a**2 + a - 1. Let l(x) be the first derivative of x**4/4 + 10*x**3/3 - 3*x**2 + 3*x - 1. Let z(t) = -3*b(t) + l(t). Is z(-8) composite?
True
Suppose -3*j + 3*l = -522, 0 = -3*j - j + 5*l + 695. Suppose 5*f - f + 5*g = j, 2*f - g = 77. Let c = f + 117. Is c composite?
False
Let g(i) = -i**3 - i**2 + 3*i + 1. Let p(f) = 2*f**3 + f**2 - 6*f - 1. Let b(j) = 9*g(j) + 4*p(j). Is b(-6) composite?
False
Let i be 0 + -2 - -37 - -1. Let o = -18 - -20. Is -3*o/(-6) + i prime?
True
Let y(o) = 3*o + 7187. Is y(0) a composite number?
False
Let o(f) = -118*f. Let x be o(-1). Is (2/4)/(1/x) a prime number?
True
Let y(o) = -o - 1. Let r(d) = d**2 - 6*d + 4. Let q(m) = r(m) - 2*y(m). Let p = 7 - 2. Is q(p) a prime number?
True
Suppose -3*l + 2*z = -2811, 3*l = -z + 6*z + 2811. Is l a composite number?
False
Suppose m = -4*u + 22, 4*m + 13 - 36 = -3*u. Suppose -c + 2*c + 178 = 2*v, 3*v - 2*c - 266 = 0. Suppose m*y - 280 + v = 0. Is y prime?
False
Is (-2 - (3 + 19)*-208) + 0 a prime number?
False
Let l be ((-68)/6)/(4/(-204)). Let r = -231 + l. Is r a prime number?
True
Let y(x) = -x + 382. Let j(g) = -2*g + 763. Let s(t) = 3*j(t) - 5*y(t). Is s(0) a composite number?
False
Let v be (1/(-3))/((-1)/9). Suppose -v*i + 623 = i - m, 0 = i + 4*m - 177. Is i composite?
False
Let j be (2 - 0)*(-7)/(-14). Is -1 - (-7*13 - j) a prime number?
False
Suppose -694 + 2139 = 5*r. Is r prime?
False
Let i(n) = -12*n**3 - 4*n**2 + 3. Is i(-4) a prime number?
False
Suppose 0 = -3*i + 5*w + 21, 9*i - 5*w = 4*i + 25. Suppose -3*v + i*s + 29 + 326 = 0, 4*v = 4*s + 472. Is v a composite number?
True
Let r(z) = 8*z + 2. Is r(3) a composite number?
True
Let x(g) = 2*g**3 - 16*g**2 + 7*g + 23. Is x(12) a composite number?
False
Let x = 186 + -88. Let c(z) = 2*z - 9. Let y be c(6). Suppose -u + x = y*t, t + 375 = 4*u - 4*t. Is u a prime number?
False
Is 2/(-7 + -3) - 4296/(-5) a composite number?
False
Suppose 0 = -5*q + q + 372. Suppose -k + 360 = 4*t, k = t - 2 - q. Is t a prime number?
False
Suppose -1 + 26 = -5*p. Let o(r) = -18*r - 5. Is o(p) a prime number?
False
Suppose 2*f + 1061 - 402 = 3*k, -876 = -4*k + 4*f. Is k prime?
False
Let j(f) be the second derivative of f**5/10 - f**4/4 + f**3/2 - 5*f**2/2 - f. Let s be (-6)/(-4)*20/(-15) - -6. Is j(s) composite?
True
Let t = 188 - 129. Is t a prime number?
True
Is ((-7028)/(-42))/(2/3) prime?
True
Is 5 + (-4 - 1) - (-1253 - 2) a prime number?
False
Let t = -1256 + 2569. Is t a prime number?
False
Suppose -4*x + 817 - 157 = 0. Suppose -x = -5*c - 0*c. Is c a composite number?
True
Let l(c) = -c**2 + c + 11. Suppose 0 = -5*b + 9*b. Is l(b) composite?
False
Let q = 2 + -3. Let o be -4 + (q - -1) + -2. Is (-696)/(-9) - (-2)/o a prime number?
False
Let u = 194 - 104. Suppose k - 71 = 2*g, -3*k = 3*g - 105 - u. Is k composite?
False
Let h = -9 + 4. Let u be 290/8 + h/20. Suppose -2*s + 26 = -u. Is s composite?
False
Suppose 4*q + 6223 = 5*u, -u + 890 = -2*q - 357. Is u a composite number?
True
Let o(z) = -3*z**3 - 6*z**2 - z - 3. Is o(-7) composite?
False
Suppose 0 = -4*m, -5*m - 8 = 3*p - 53. Suppose -p = -5*j - 0. Suppose -i = -j*i + 4. Is i a composite number?
False
Let i be ((-12)/9)/((-3)/63). Suppose 5*z = g - i - 34, 2*g - 5*z = 139. Is g a prime number?
False
Suppose 3*b - 876 = 3*z, -b = -0*z - 4*z - 289. Is b a composite number?
False
Let l(x) = 9*x**2 - 2*x - 9. Is l(4) a composite number?
False
Let r(k) be the first derivative of k**3/3 + k**2/2 + 11*k + 2. Is r(0) a prime number?
True
Let s(a) = 2*a + 7*a + 0 - 4 - 2 + a**2. Let y be s(-6). Let k = y - -61. Is k a prime number?
True
Let b be (-1 + 1)/3 + 232. Suppose 5*n = b + 153. Is n a composite number?
True
Suppose -3*u + 3*x = -2*u - 49, 0 = -4*u - 2*x + 252. Suppose -4*p = -u - 1207. Suppose -3*k + p - 44 = 0. Is k a prime number?
False
Let r(q) = -1. Let t(l) = -13*l**2 + 2*l - 2. Let u(f) = -2*r(f) - t(f). Is u(3) prime?
False
Suppose 5*k - 129 = 2*f + 475, -4*f - 110 = -k. Is k prime?
False
Let s(r) = -13*r**2 + 6*r - 6. Let q(v) = -v**2 + 1. Let m(l) = 6*q(l) - s(l). Is m(5) a composite number?
False
Let w(m) = 7*m**3 - 2*m**2 + 2*m + 4. Is w(5) a composite number?
False
Let p be 2 - (-1 + 4 - 1). Suppose -3*d + 10 + 284 = p. Let c = 157 - d. Is c a prime number?
True
Is (-514)/(-3 + (-2)/(-2)) prime?
True
Let s(w) = 2*w**3 - w**2 - 6*w - 1. Is s(5) a composite number?
True
Suppose 23 - 7 = 4*t. Is ((-58)/t)/((-1)/4) prime?
False
Let i(u) = -u**3 + u**2 + 2*u. Let w be i(2). Suppose -1 = 5*z + 3*j - 9, w = 4*j - 4. Suppose -2*y = 5*v - 6 - z, 0 = -3*v - 3. Is y composite?
True
Let o(s) = 6*s - 10. Suppose -2*x + j + 18 = 0, 0*j - j = -4*x + 34. Is o(x) a prime number?
False
Let j(h) = -h - 85. Let k(c) = -1. Let d(q) = -j(q) + 2*k(q). Is d(0) a composite number?
False
Suppose -3*u = -11 - 1. Suppose 0*b - 4*b + u*d + 28 = 0, -d = 5*b - 5. Suppose c = b + 4. Is c composite?
True
Let l be ((-72)/1)/(16 + -17). Let h = l + 673. Is h composite?
True
Let k(o) = -o**3 + 15*o**2 - 3*o - 17. Is k(12) a prime number?
True
Let d(c) = c**3 - 6*c**2 + 12. Let g(v) = v**3 - 7*v**2 + 13. Let p(q) = 5*d(q) - 4*g(q). Is p(7) a prime number?
False
Let b(y) = -y**3 - y + 135. Let r be 0*(1/(-1))/(-1). Let h be b(r). Let a = h + 14. Is a composite?
False
Let y = -1 + 6. Suppose -2*l - 14 = -4*r, -y*r - 11 = 9. Is 128/6 + (-10)/l prime?
False
Let y(u) = -u**2 + 9*u + 3. Let r be y(9). Suppose -46 = -r*l + 605. Is l a prime number?
False
Suppose 3*t = -6, -3*p + 6*t - 4*t = -19. Suppose 3*x - 89 = p*g, -g - 88 = -4*x - 2*g. Is x composite?
False
Let x(a) = 78*a + 5. Is x(4) prime?
True
Let v = 219 - -160. Is v a composite number?
False
Is 2*-7*(-152)/16 a composite number?
True
Let o(l) = -l**3 + 2*l**2 - 2*l + 2. Let h be o(2). Let r(i) be the first derivative of i**3 + 2*i + 1. Is r(h) prime?
False
Let y(k) be the second derivative of 29*k**4/12 - 2*k**3/3 - 3*k**2/2 + k. Is y(-2) a composite number?
True
Let p = -7 - -9. Suppose -4*o + 164 = 5*z - p*o, 9 = -3*o. Is z composite?
True
Suppose 4*c - 15 = -4*b + 21, 3*b + c = 17. Suppose 386 = u + 4*u - 3*h, -3*u + 249 = b*h. Is u composite?
False
Suppose 4*q - 2 = 18. Let y be (-652)/(-10)*25/q. Suppose -4*d = -2*s - y, 4*s = -12 - 8. Is d a composite number?
False
Is 13/26 - 4170/(-4) composite?
True
Suppose 2*j - 150 = -0*j. Let i = j + 188. Is i a prime number?
True
Suppose -2*i + 3*t + 113 = 0, -2*i + 55 = 3*t - 64. Is i a composite number?
True
Let m be (-1 + 0)/(4/(-32)). Suppose -3*o = -o - m. Suppose 0 = -0*s + o*s - 76. Is s composite?
False
Let x(d) = 71*d - 9. Let j(l) = -1. Let m(z) = -6*j(z) + x(z). Is m(2) a composite number?
False
Suppose -s + 3*s = 18. Suppose -2*o - 30 = -222. Suppose 5*f - o = s. Is f a prime number?
False
Let k = 136 + -94. Is 681/7 + (-12)/k a composite number?
False
Suppose -2 = 2*l, -k = -3*l - 616 + 204. Is k prime?
True
Let o = 55 + -4. Suppose 0*f - o = -f. Is f composite?
True
Let r(y) = 12*y + 2. Let o be r(2). Suppose 4*g + o = -6. Is (g/(-4))/((-2)/(-37)) composite?
False
Let h be 1*(-2 + 1)*39. Is (-2)/(-13) - 9861/h composite?
True
Let x = 128 - 68. Suppose -f + x = -6*f. Is ((-212)/6)/(f/18) a composite number?
False
Let s(q) = -7*q**2 - 2*q - 1. Let x(j) = -6*j**2 - j - 1. Let c(r) = 2*s(r) - 3*x(r). Let k(f) = -2*f - 4. Let w be k(-3). Is c(w) a composite number?
True
Suppose i = 5*d - 19, -2*d + 3 + 6 = i. Suppose -d*c - k + 96 = -c, -4*c + 2*k = -118. Is c composite?
False
Suppose 2*o + 0*o + 5*x = 3266, -o = -3*x - 1633. Is o a composite number?
True
Let c = 8 - 5. Suppose -2 - 28 = c*j. Let t = j + 29. Is t